+ 14*x + 32. Let v be o(24). What is the greatest common divisor of 46 and v?
46
Let m(l) = 13*l**3 - 3*l**2 + 4*l - 2. Let j be m(2). Let z = j - 83. Calculate the highest common factor of z and 135.
15
Let f(o) = -4*o + 8. Let l be f(-6). Let p = l + -19. Let s(k) = 27*k**2 + 158*k - 320. Let d be s(2). Calculate the highest common divisor of d and p.
13
Suppose -6*j + 2*j = -24. Let q be ((-176)/8)/(((-4)/j)/1). Calculate the greatest common divisor of q and 22.
11
Let m be 4814/87 - 4/3. Calculate the greatest common factor of 144 and m.
18
Let q be -30*(2205/(-675) - (-4)/(-10)). What is the greatest common divisor of 341 and q?
11
Let a = -411 - -711. What is the greatest common divisor of a and 120?
60
Let w be 4 - -42*(0 + 1). Let d = w - 76. Let b = -16 - d. What is the highest common factor of 14 and b?
14
Let y be ((-41)/(-10) + 10/25)/(447/596). Suppose -3*n - 3*q = -39, -4*n - 3*q = -4*q - 27. Calculate the greatest common factor of y and n.
2
Suppose 7*j + 38 = 2*r + 12*j, 2*j - 4 = 0. What is the greatest common divisor of 70 and r?
14
Let x = -210 + 510. What is the greatest common divisor of 40 and x?
20
Let k = 1995 + -1848. What is the greatest common divisor of 196 and k?
49
Suppose 0 = -x + y - 44, -y + 20 - 156 = 3*x. Let n be (-1749)/x - (-2)/15. Calculate the greatest common divisor of n and 13.
13
Suppose 5*z = 6*z - 135. Let h = 19 + -17. Suppose -3*f - d = 4*d - 91, -2*f + 50 = -h*d. Calculate the highest common factor of f and z.
27
Suppose -5*k - 44 = -k. Let r = k - -21. Suppose 9 = -n + 29. Calculate the greatest common divisor of n and r.
10
Suppose 18 - 3 = 5*r. Calculate the highest common factor of 39 and r.
3
Suppose -8*h + 52 = 5*h. Let d be 4 - ((-12)/h + -51). Calculate the highest common factor of d and 87.
29
Let b(c) = -c**3 - 7*c**2 - 4*c + 22. Let n be b(-9). Suppose 15*v - n = 725. Calculate the greatest common factor of 27 and v.
9
Suppose 0 = 54*t - 46*t - 152. Calculate the greatest common factor of t and 3.
1
Let t = 5 - 4. Let u = 0 + t. Let l(p) = 15*p**2 - 1. Let c be l(u). Calculate the highest common divisor of 7 and c.
7
Suppose -2*u + 9 = 1. Let c be -3 + (0 - (u - 30)). Suppose -c - 57 = -5*h. Calculate the highest common factor of h and 64.
16
Suppose -2*a - 18 = 2*l, -5*l - 35 = a + 2*a. Let t(k) = -k**3 + k**2 - k - 9. Let y be t(l). What is the highest common divisor of 30 and y?
15
Let u(n) = n**2 - 16*n + 11. Let v be u(15). Let l = 31 - v. Calculate the greatest common divisor of l and 14.
7
Suppose 0 = 5*j - 2*n - 21, -5*j - 5*n - 6 = -2*j. Suppose 0 = -2*r - j*y - 13, -3*y - 22 = -2*r + y. What is the highest common factor of 5 and r?
1
Let k = -362 + 378. Calculate the highest common factor of k and 44.
4
Suppose -2*i - 125 = -2*s + 47, 5*i + 175 = 2*s. Let m = -65 + s. Calculate the highest common divisor of 50 and m.
10
Let a(r) = 4*r**3 + 2*r**2 + 5*r + 3. Let p be a(3). Suppose -10*s - p = -12*s. Calculate the highest common divisor of 36 and s.
36
Suppose -2*i = 5*z - 64, -4*i - 15 = -3. What is the greatest common divisor of 42 and z?
14
Let j be 16 - (-4)/(0 - -4). Suppose 4*x - 328 = -3*y, 2*x = -5*y + 168 - 18. What is the greatest common factor of x and j?
17
Let t(u) = 5*u + 1. Let i be t(-1). Let o = 15 - i. Calculate the highest common factor of 209 and o.
19
Let v be 4/(-14) + -4*(-306)/168. Suppose 3 + 4 = v*n. Calculate the highest common factor of 3 and n.
1
Let c(w) = w**2 - 3*w + 28. Let k be c(7). What is the highest common divisor of k and 24?
8
Let h be (-11)/((-55)/(-50)) + (-1 - 2). Let o(z) = z**2 + 7*z - 43. Let t be o(h). Calculate the greatest common divisor of t and 7.
7
Let i be (11/(33/(-9)))/((-6)/1818). Calculate the greatest common divisor of i and 202.
101
Let c be -8 - (-9)/(27/1428). What is the highest common divisor of c and 36?
36
Let f be 11/3*(-12)/(-4). Suppose -13 = -3*r + f. Suppose -2*z = -0*z + 4*l + 12, -3*z = -3*l - 27. What is the highest common divisor of r and z?
4
Let x be (-33)/(-6) + (-2)/4. Let g = 84 - 82. Suppose g*q + 2*l - 40 = 3*l, q - l = 20. What is the greatest common divisor of x and q?
5
Suppose -h - h = -8. Suppose h*a - 5 = 3. Suppose -5*m = a*t - 37, -5*m + 81 = 4*t + 32. Calculate the highest common factor of t and 12.
6
Suppose 10 = 4*a + 2*n, a + 0*n = 2*n + 15. Suppose -j - 1 = 0, -71 = -a*f - 0*j + j. What is the highest common divisor of 35 and f?
7
Let c(u) = 3*u**2 - u - 1. Let n be c(-1). Suppose -3*g = 2*j - 5*g, -10 = 5*g. Let a be 165/11*j/(-5). Calculate the highest common factor of a and n.
3
Let i be (-3 - 0)/(4/((-16)/3)). Suppose i*a - 18 = 106. Calculate the highest common divisor of a and 124.
31
Let c = -271 - -277. What is the greatest common factor of 114 and c?
6
Let t(i) = 3*i**2 - 3*i - 4. Let b be t(3). Let w(o) = 4*o**3 - 2*o**2 + 5*o + 1. Let l be w(2). What is the greatest common factor of l and b?
7
Suppose 9 + 11 = 5*c. Let g(s) = -6 + 0 + c*s + 4 + 6*s. Let l be g(1). Calculate the highest common factor of l and 72.
8
Let u be (535/(-428))/(2/(-584)). What is the highest common divisor of 10 and u?
5
Suppose 5*p = -20, 5*r - 11 = -0*p - p. Let o(h) = 19*h**2 - 4*h - 2. Let z be o(-1). What is the highest common divisor of z and r?
3
Let z = -502 + 762. Suppose -3*g = -5*i + 432, g - 3*g = -3*i + z. What is the greatest common factor of 21 and i?
21
Suppose 0 = -4*b - s - 3*s + 72, 3*b - 2*s - 64 = 0. Calculate the greatest common divisor of b and 460.
20
Suppose x + 60 = 3*x. Suppose -8*v + 4316 = -10*v. Let t be v/(-8) + (-1)/(-4). Calculate the greatest common divisor of t and x.
30
Suppose 3*u - 4*v = 20, 33*u - 29*u - 10 = -3*v. What is the highest common divisor of u and 40?
4
Suppose 5 = 3*v - v - 79. Suppose -b = -5*w + 208, 2*w - 36 = -b + 50. Calculate the greatest common factor of v and w.
42
Let q be (-42)/63*4/((-16)/4662). What is the greatest common divisor of q and 444?
111
Let r = -281 + 290. Suppose -2*f - 417 = -4*f - m, -2*m = 2*f - 420. What is the greatest common divisor of r and f?
9
Let u = 1 + -7. Let m be ((-16)/u)/((-6)/(-9)). Suppose 4 = 2*j - 4, -m*o + 4*j + 92 = 0. What is the highest common factor of o and 18?
9
Suppose -478 + 43 = -5*z. Let b = -90 - -216. Let o = b - z. What is the greatest common divisor of o and 26?
13
Suppose -5*x = -2*r + 7, 2*x = -x - 4*r + 1. Let g = 2 - x. Let p = 92 + -59. Calculate the highest common divisor of p and g.
3
Suppose 6*z - 3*z = 2*y - 793, -2 = 2*z. What is the greatest common divisor of 553 and y?
79
Let d(l) = l**3 - 22*l**2 + 2*l - 42. Suppose -4*x = 5*a - 2*a - 73, -5*x - 5*a + 85 = 0. Let h be d(x). What is the greatest common factor of h and 10?
2
Suppose 2*n - 17 = -9. Suppose -5*p = 5*b - 1 - 34, -4*b + 25 = 5*p. Calculate the greatest common factor of n and b.
2
Let v be (5 - 3) + (-2 - 42). Let p = v - -55. What is the greatest common divisor of p and 143?
13
Suppose -3*i - 2 = -i, -3*d + 242 = i. What is the highest common divisor of 405 and d?
81
Let h be (17 + 4)/(-7) + 37*9. Suppose -6*t + 17*t - h = 0. Calculate the greatest common divisor of 10 and t.
10
Let d(s) = 5*s**2 - 2*s. Let l be d(1). Suppose c - 969 = -3*r - 4*c, r - 323 = l*c. What is the greatest common divisor of 17 and r?
17
Suppose -20*c + 18*c = -18. Let i be -18*3*22/(-12). Calculate the highest common factor of c and i.
9
Let d(h) = -h**3 - 46*h**2 - 17*h + 343. Let k be d(-46). Calculate the highest common divisor of k and 90.
45
Let h = 0 - -1. Let v(q) = 3 - 3 - 2 - 11*q**2 + 2*q + 40*q**2. Let u be v(h). What is the greatest common factor of u and 232?
29
Suppose 2 = y - 4*h, -4*y - 3*h - 6 = 5. Let s be 11/33 - (y - (-98)/(-3)). What is the highest common divisor of s and 14?
7
Let u = 10 + 1. Let p = 186 + -65. Calculate the greatest common factor of u and p.
11
Suppose 278*d - 289*d = -88. What is the greatest common factor of 6 and d?
2
Suppose 3*c - 8*u = -7*u + 5957, -2*c - 3*u + 3953 = 0. What is the greatest common factor of 64 and c?
64
Let f be 22*(84/24 + 5 + -2). What is the greatest common factor of f and 55?
11
Let v = -54 - -83. Suppose -d + 3*h + 325 = 0, -4*d - v = h - 1303. Calculate the highest common divisor of 29 and d.
29
Let i(s) = s**3 - 6*s**2 + 2*s + 8. Let g be i(6). Suppose 0 = 15*n + 25*n